 Calculate the greatest common factor of s and 950.
38
Let f(n) = n**3 + 2*n**2 - 17*n. Let p be f(3). Let w be (-2)/3*p + 26. Let b be (-6)/(-8)*(3 + -9 + w). What is the highest common divisor of 63 and b?
9
Let u = 1002 + -997. Suppose 0 = -2*i + u*l + 472, 4*l + 701 = -22*i + 25*i. What is the greatest common divisor of 21 and i?
21
Suppose 30*j - 2*i = 35*j - 13527, 5*j - 5*i = 13485. Calculate the highest common divisor of 408 and j.
51
Let t be 3/(-9) - 986/(-6). Suppose 15 = -3*g, -29*g = 3*f - 33*g - 32. Calculate the highest common divisor of t and f.
4
Let o(d) = -96*d - 60. Let x be o(-5). What is the greatest common factor of x and 56?
28
Suppose 17*n - 3*f = 21*n - 2220, -5*n + f + 2756 = 0. What is the highest common factor of n and 36?
12
Let o = 1 - -8. Let c = -7890 - -7962. What is the highest common factor of c and o?
9
Suppose -9 = 4*w - 105. Let l be (-14)/(-6)*(w + -12). Let c be -58 + 74 + (-5)/(10/4). What is the highest common divisor of c and l?
14
Let r = -162 + 111. Let n = r + 84. Calculate the highest common divisor of 231 and n.
33
Let o(k) = -k**3 - 35*k**2 - 450*k + 396. Let g be o(-37). What is the greatest common factor of 8 and g?
8
Let c = 78 - -27. Suppose -2*p - 10 = -4*p, -c = -5*j - 3*p. Calculate the greatest common factor of j and 2.
2
Let i be 1005/55 + (-3)/11. Let k be 3/i - 36686/(-204). What is the greatest common divisor of k and 15?
15
Let q be 72/(-180) - (-16)/15 - (-5443)/3. What is the highest common divisor of q and 345?
15
Suppose -4*h - 23 = 5*i + 570, 2*h + 121 = -i. Suppose 2*n + 62 = -t, 20*t - 236 = 24*t - 4*n. Let l = t - i. What is the highest common factor of 57 and l?
57
Let w(v) = 230*v**2 - 131*v + 270. Let m be w(2). Calculate the highest common divisor of 116 and m.
116
Let o be (-17019)/(-155) - 54/30. Let p be (-6)/(-4)*(-20)/(-15). Let s be (-32)/(-12)*9/p. What is the highest common divisor of s and o?
12
Suppose 0 = -3*j + j + 2*q + 92, 2 = 2*q. Suppose 3*n + 1 = -j. Let r be 19 + n - (-9 + 0). Calculate the greatest common divisor of 24 and r.
12
Suppose 8*n + 7296 = 46*n. What is the greatest common divisor of 300 and n?
12
Let y(t) = 86*t - 336. Let s be y(11). Suppose -5*v + 4*i + 1526 = 0, 0*v + s = 2*v - 2*i. Calculate the highest common factor of v and 90.
18
Suppose 36 = 3*y - 30. Let p(s) = -s**3 + 23*s**2 - 21*s + 7. Let w be p(y). Calculate the greatest common divisor of w and 116.
29
Let x = 49 - -75. Let p = x + -104. What is the greatest common factor of 260 and p?
20
Let q = 4 - 4. Suppose 0 = -q*b - 4*b + 52. Let h(r) = 7*r**2 - 56*r + 222. Let z be h(5). Calculate the greatest common divisor of b and z.
13
Let j be (6 - -2)*((-7654)/(-56) + 4/7). Calculate the highest common divisor of j and 72.
18
Let n(b) = b**2 - 11*b + 234. Let i be n(18). Let d be -380*9/(i/(-16)). Calculate the highest common factor of d and 2.
2
Let s(a) = -a - 1. Let x(o) = o**2 + 13*o - 8. Let z(t) = 6*s(t) - x(t). Let i be z(-18). What is the highest common divisor of 12 and i?
4
Let i = 709 + -707. Suppose -i*c = 3*s - 270, 4*s + 155 - 695 = -4*c. Calculate the greatest common factor of 108 and c.
27
Let b = -1690 - -1705. Calculate the greatest common divisor of b and 20.
5
Let x(g) = 39*g + 35. Let c be x(6). Suppose 99 = -5*v + c. Suppose -14*n + 104 = v. What is the greatest common divisor of 3 and n?
1
Let z(g) = 12*g + 1. Let c be z(-1). Let d(r) = -8*r - 17. Let o be d(c). Let l = 89 - o. What is the greatest common factor of l and 72?
18
Let p be -8*((-3)/7 - (-581247)/(-714)). What is the greatest common factor of 24 and p?
12
Let t be (36/(-14))/(45/(-210)). Suppose -2*r + 3 = -5. Suppose 7*w = r*w + 180. What is the highest common factor of w and t?
12
Let t be (-3)/(-6)*(275 + -197). What is the greatest common divisor of t and 39351?
39
Let s be (-94)/(-6) - (-283)/849. Let j(t) = -t**2 - 9*t - 2. Let q be j(-3). Calculate the highest common divisor of q and s.
16
Suppose -5*b + 3364 = 4*r, 3*b - 5*r = 6*b - 2021. Suppose b - 34 = 2*i. Calculate the greatest common divisor of 58 and i.
29
Suppose -455 = -5*g + 5*c, -2*g + 33*c - 32*c = -190. Let r be (-4)/2 - -1 - -12. What is the greatest common divisor of g and r?
11
Let x = -15 + 0. Let l be x/(-10)*(-44)/(-6). Suppose -l*w + 7*w + 20 = 0. What is the greatest common divisor of 15 and w?
5
Suppose 878 = -9*g + 99*g - 3082. Suppose -t + 27 - 75 = 0. Let j = t - -70. What is the highest common divisor of j and g?
22
Let f be (0 - 1) + (510 - 187). Calculate the highest common divisor of f and 1196.
46
Let k(p) = -3*p**3 + 5*p**2 + 5*p - 1. Let d be k(5). Let c = 545 + d. Calculate the greatest common divisor of 11 and c.
11
Let i be 36/((-37)/(3626/(-56))). Suppose 0 = -t - 2*q + 38, 9*t + 5*q - 185 = 4*t. What is the greatest common factor of t and i?
9
Suppose 5*w - 5856 = -t - 2060, 3*w - 2276 = -t. Calculate the greatest common divisor of 160 and w.
40
Let t = -2483 - -4333. Suppose -8*z = -t + 90. Suppose -2*q + 266 = 4*f + f, z = 4*f - 2*q. Calculate the highest common divisor of f and 81.
27
Suppose -20039 = 10*d - 39*d. Suppose 1597 = 8*g - d. Calculate the highest common factor of 44 and g.
22
Let c be -1 - (-22)/14 - 1156/14. Let l = c - -89. Suppose l*t - 44 + 2 = 0. Calculate the greatest common divisor of t and 138.
6
Let j(f) = -146*f - 250. Let q be j(-8). Calculate the highest common divisor of q and 68.
34
Let g(w) = -w**3 - 13*w**2 - 75*w - 180. Let q be g(-6). Suppose -u + 6 + 14 = 0. Let k = u - -34. What is the greatest common factor of k and q?
18
Let c = 29 - 27. Suppose 10*a - 520 = c*a. Let y be (-38)/(-5) - (-26)/a. Calculate the greatest common factor of 20 and y.
4
Let w = 127 - 96. Let u = 34 - w. Suppose -2*c + u*c = -5*b + 84, 5*c + 22 = b. Calculate the highest common divisor of b and 187.
17
Suppose 2889 = -2*r + 29*r. Suppose -92 = -u + 16*f - 12*f, -f - r = -u. Let w = 40 + -24. What is the highest common divisor of w and u?
16
Let g be (775/15)/(3/9). Let v = -149 + g. Calculate the highest common factor of v and 72.
6
Let x = -14655 + 27107. What is the highest common divisor of x and 44?
44
Let t be ((-34)/(-4))/(((-75)/(-350))/((-6)/(-14))). What is the greatest common divisor of t and 3859?
17
Suppose 68849 = 71*s - 63*s - 231087. What is the greatest common divisor of s and 28?
28
Let n be (-140049)/(-627) - 126/(-77). Calculate the greatest common divisor of n and 6525.
225
Suppose -6*g + 8 - 2 = 0. Suppose 2*x + 2*k - 18 = -k, 0 = 3*x - 2*k - g. Suppose -p + 7 = -x. Calculate the highest common divisor of 25 and p.
5
Let x(u) = 19*u**2 - 15*u + 27. Let c be x(-12). Calculate the greatest common divisor of c and 27.
27
Let q(j) = -j**3 - 20*j**2 - 30*j - 74. Let u be q(-19). Let z be 3 + 57/(-21) - 1504/(-28). Calculate the highest common factor of u and z.
27
Let o be (0 - 0) + (-1848)/21. Let u = o - -143. Suppose 7*p - 94 = 60. What is the greatest common divisor of p and u?
11
Let p = -3200 - -3528. What is the highest common factor of 943 and p?
41
Let h(t) = 7*t**2 + 3*t - 1. Let i be h(1). Suppose -i + 37 = 4*x. Let z be ((-2)/3)/(8/(-420))*1. Calculate the greatest common divisor of z and x.
7
Suppose 53*j + 294 = 32*j. Let b(r) = -2*r**2 - 29*r - 11. Let f be b(j). What is the highest common factor of f and 24?
3
Let t be ((-22)/(-4))/(5/10). Suppose t - 3 = 2*b - 3*w, 3*b - 12 = 5*w. Let v be (-1)/(3/b)*-3. Calculate the greatest common divisor of v and 10.
2
Suppose 3*j - 1998 = -0*j - 2*l, 2664 = 4*j + 3*l. Suppose 2*y + 5*a - 662 = 4*a, 2*a - j = -2*y. Calculate the greatest common factor of y and 47.
47
Let x = -426 + 894. Calculate the greatest common factor of 252 and x.
36
Let g(b) = b**2 - 3*b - 60. Let q be g(11). Suppose 5*h - q = 3*h. What is the greatest common factor of 4 and h?
2
Let q be 10/(33/((-574497)/(-42))). Calculate the greatest common factor of 5 and q.
5
Let l(z) be the second derivative of -53*z**3/6 + 3*z**2 + 10*z. Let r be l(-6). Let f = -130 + 166. What is the highest common divisor of f and r?
36
Let p = -153 - -442. Suppose -p = -4*c - 3*w, 3*w - 97 = -5*c + 268. Calculate the highest common factor of 722 and c.
38
Suppose 0 = -3*d, 5*d - 108 = -0*k - 4*k. Suppose u - k = -7. What is the greatest common factor of u and 25?
5